 16 = v*p, -11 = -5*p - a*j + 9. List the prime factors of p.
2
Suppose 4*b = -w - 18 + 77, -152 = -4*w + 5*b. List the prime factors of w.
43
Suppose 0 = 2*y - 8 - 10. Let g = y + -7. List the prime factors of g.
2
Suppose 3*r - 21 = -2*t, -2*r = -t - t - 14. Suppose -2*o = -r*o - 30. Let x = o + 8. What are the prime factors of x?
2
Let t(b) = -2*b - 3. Let n(i) = -10*i - 15. Let f(a) = 2*n(a) - 11*t(a). Let q be f(-6). What are the prime factors of (-1 + 0)/(q/189)?
3, 7
Let x = 2 - 0. What are the prime factors of 6 + (-1)/(x/(-6))?
3
Let d = -1 - 1. List the prime factors of (-18)/1*d/6.
2, 3
Suppose u = -z - 0*z + 31, 3*z - 103 = -u. List the prime factors of z.
2, 3
Suppose 0 = 3*n - 2*o - 121, -o - 30 = -2*n + 49. Suppose 4*w - 7 = n. List the prime factors of w.
11
Suppose -2*f - 4 = 4. Let u = f - -10. Suppose -u*h + h + 55 = 0. What are the prime factors of h?
11
Let k = -16 - -16. Let x(u) = -u + 14. List the prime factors of x(k).
2, 7
Suppose 0 + 4 = 2*s. Let g be s/4 + (-76)/(-8). Suppose 4*b + g = 6*b. List the prime factors of b.
5
Suppose -2*w - 16 = -5*j + w, 5*j - 37 = -4*w. Suppose 1 = -j*b + 36. What are the prime factors of b?
7
Let d be (-2)/(-3) - 76/(-12). Suppose d = a - 20. What are the prime factors of a?
3
Let w(k) = 3*k - 6. List the prime factors of w(7).
3, 5
Suppose 109 = 2*s - 5*d, 0*s - s + 71 = 3*d. Suppose -5*f + 225 = 4*r, 0 = -f - r + s - 17. List the prime factors of f.
3, 5
Let r(p) = -15*p + 1. Let c(b) = -16*b + 1. Let f(s) = 5*c(s) - 6*r(s). Let y(x) = -x**3 + 2*x**2 + x. Let q be y(2). What are the prime factors of f(q)?
19
Suppose 17*m = 4*m + 3861. List the prime factors of m.
3, 11
Let l be ((-2)/(-2))/(1/5). Let s = l - 2. Suppose s*j - 8*j + 35 = 0. List the prime factors of j.
7
Let q(c) = -c**2 + 1. Let l(r) = -6*r**2 - 4*r + 11. Let y(h) = l(h) - 5*q(h). Let t be y(-5). List the prime factors of -5 + 2 - (-8 + t).
2
Let h = -19 - -23. List the prime factors of (-40)/(-60)*150/h.
5
Let x(l) = -l**2 + 7*l - 2. Let c be x(6). Suppose c*o - 2*o = 40. List the prime factors of o.
2, 5
Let m(i) = -i**3 + 7*i**2 - 2. Let u = 1 + 6. Let l be m(u). What are the prime factors of ((-4)/8)/(l/8)?
2
Let n(m) = -m**2 + 4 - m**2 - 13*m + 3*m**2 - 3. Let f(x) = -5*x**2 + 66*x - 4. Let p(v) = -2*f(v) - 11*n(v). List the prime factors of p(9).
3, 5
Let k be (-6)/(-15) + (-141)/15. Let f be 14/6 + (-6)/k. Suppose u = -5*l + 50, -f*l - 2*u + 42 = 12. What are the prime factors of l?
2, 5
Suppose x + 0*x = 0. Suppose x*h + 2*h = 68. List the prime factors of h.
2, 17
Let a = 49 + -18. What are the prime factors of a?
31
Suppose 3*z = 2*z. Let y(q) = z - 1 - 10*q - q**2 - 1. List the prime factors of y(-6).
2, 11
Suppose -54*g + 53*g = -84. What are the prime factors of g?
2, 3, 7
Let b = -20 + -8. Suppose 3*i - 61 - 59 = 0. Let k = b + i. What are the prime factors of k?
2, 3
Let k(b) = -8*b - 7. Let s be k(-5). Let y = s + -14. List the prime factors of y.
19
Suppose 20*s - 348 = 17*s. What are the prime factors of s?
2, 29
Let p be -1 + -1 + (-1 - -46). Let m = p + -7. Suppose 3*x = -x + m. List the prime factors of x.
3
List the prime factors of (-4)/6*-1 - 1500/(-18).
2, 3, 7
Suppose -216 = -5*t + 4*d, 0 = -3*d + 6 - 3. List the prime factors of t.
2, 11
Let l = 0 + -2. Let d be 1/(l*3/426). What are the prime factors of 7/(-35) - d/5?
2, 7
Let v(h) = h**2 - 9*h + 3. Let w be v(9). Suppose -w*x + 4*x - 4*a = 4, -4*x = 2*a - 52. List the prime factors of x.
2, 3
Suppose 0 = 3*u - 7*u + 56. List the prime factors of 188/u + (-6)/14.
13
Let k(i) = i + 15. List the prime factors of k(10).
5
Let z(j) = -1 - 5*j**2 + 3 + j**3 + 4*j + 5. Let n be z(5). Suppose n = 2*w + 5. List the prime factors of w.
11
Let d = 126 + -86. What are the prime factors of d?
2, 5
Let k(u) = 5*u**3 + 7*u**2 - 2*u**3 + 5 + u**3 + 6*u - 3*u**3. Let s = -9 - -3. What are the prime factors of k(s)?
5
Suppose -2*i - 8 = -2*r, -4*i - 19 = -4*r - i. List the prime factors of r.
7
Suppose -3*z + 0 = -5*m - 35, 0 = -m + 4*z - 7. What are the prime factors of 1/(-2)*(m + -5)?
2, 3
Suppose -2*f + n = 115, 5*n + 39 = -f - 2. Let v = f - -79. Suppose v = 5*x + 4*r + 5, -4*r = -4*x. What are the prime factors of x?
2
Let l(n) = -n**3 - 7*n**2 - 7*n - 7. Let i be l(-6). List the prime factors of (-1)/(i/(-23)*-1).
23
What are the prime factors of -1 + 1 + (15 - -23)?
2, 19
Let h be ((-4)/5)/(1/(-5)). Let j be (-2 - -2)/((-3)/(-3)). Suppose j = -g + 8 + h. What are the prime factors of g?
2, 3
Let b = -89 + 119. What are the prime factors of b?
2, 3, 5
Suppose -i = -2*v - 2, v - 2*v = 3*i - 6. Suppose -i*b + 8 + 12 = t, -5*t - 4*b + 118 = 0. What are the prime factors of t?
2, 13
Suppose -a + 3 = -0*a. Let z = 14 - a. What are the prime factors of z?
11
Let z(y) = -4*y. Let b be z(-4). List the prime factors of 236/b + (-1)/(-4).
3, 5
Let b(y) = -20*y**3 - 2*y**2 - y + 3. What are the prime factors of b(-2)?
157
Suppose i = -i - l + 62, -i = -5*l - 53. List the prime factors of i.
3, 11
What are the prime factors of (-1 + -17)*(-4 - -3)?
2, 3
Let h(t) = -3*t + 1. Suppose 0*f + p - 5 = -f, 5*f = -p + 25. Suppose 5 = -f*g - 10. List the prime factors of h(g).
2, 5
Suppose b + 53 = 5*m, -m = -0*m + 4*b + 2. List the prime factors of m.
2, 5
Let l be (-6)/3 + -2 + 1. List the prime factors of -3*(-1)/3 - l.
2
Let w(n) = -n**3 - n**2 + n - 2. Let u be w(-2). Suppose -4*y + 53 = -h, 5*y - h + 4*h - 45 = u. Suppose 3*t = -t + y. List the prime factors of t.
3
Suppose 4*r - 5*n - 25 = 0, -5*r + 27 = -n - n. Suppose -r*l + 5*s = -0*s - 45, 1 = l - 3*s. What are the prime factors of l?
13
Let d = 385 + -170. What are the prime factors of d?
5, 43
Let b(f) = -3*f**3 - f - 5. Let r(k) = 7*k**3 + 2*k + 11. Let w = 1 + -5. Let x(i) = w*r(i) - 9*b(i). What are the prime factors of x(-2)?
7
Let o be ((-4)/(-3))/(8/(-12)). List the prime factors of 32/2 + o + -1.
13
Let q(i) be the first derivative of i**3/3 - 5*i**2 - 12*i - 4. List the prime factors of q(13).
3
Suppose 0 = 4*f - 3*f - 8. Let c = 25 - f. What are the prime factors of c?
17
Let v = 332 - 127. List the prime factors of v.
5, 41
Let v(o) = 5*o - 1. Let x be v(1). Suppose 0 = 5*d + 4*u + 6 + x, 5*d + u + 10 = 0. List the prime factors of ((-2)/(-3))/(d/(-51)).
17
Let u(y) = y + 1. Suppose 2*h = -6 + 12. Let a be u(h). Suppose 0 = a*f + o - 12, 0*f - 2*f - o = -8. List the prime factors of f.
2
Let r = -2 + -1. Let k(n) = -10*n + 4. Let u be k(r). Let w = 54 - u. List the prime factors of w.
2, 5
Suppose -148 = -4*t + 5*m, 5*m - 185 = -2*t - 3*t. List the prime factors of t.
37
Suppose -2*u + 3*u - 15 = 0. What are the prime factors of u?
3, 5
Let o = 10 - 1. List the prime factors of o.
3
Suppose -20 - 13 = -4*p + 5*b, 0 = 5*p + 2*b. Suppose -2 = -p*n, 5*l + 4 - 95 = -n. What are the prime factors of l?
2, 3
Suppose -o - 3 = -3*k, k + 3*o + 2*o + 15 = 0. Suppose 4*c - 2*a + 0*a - 20 = k, 6 = -2*c - 3*a. What are the prime factors of c?
3
Let m(i) = -15*i**3 - i**2 - i. Suppose 0 = -2*q - q + 6. Suppose -a + 1 = q. List the prime factors of m(a).
3, 5
Let n = -6 + 6. Suppose 2*o + 2*q - 18 = -n*o, -2*o + 3 = -3*q. Suppose 3*c = o*c - 15. List the prime factors of c.
5
Let w be 3/9 + 32/3. Let o = -6 + w. Let c(l) = l**2 - 4*l. What are the prime factors of c(o)?
5
Suppose -2*h + h + 3 = -2*o, -3*o - 4*h - 32 = 0. Let n = o - 1. Let f = n + 9. List the prime factors of f.
2
Suppose a = -2*i - 9, 9*a + 1 = 4*a + i. Let k = 23 + a. What are the prime factors of k?
2, 11
Let x(t) = -t + 7. Suppose 5*b - 4*b = 0. List the prime factors of x(b).
7
Suppose -2*j + 4 = 0, 4*j = 5*u - 206 - 386. What are the prime factors of u?
2, 3, 5
Suppose 56 = 2*n - 6*n. Let j = 10 + n. List the prime factors of 2/8 - 35/j.
3
Let p = -21 - -37. Let d = 26 - p. Let v = d - 5. What are the prime factors of v?
5
Suppose -8*k - k = -1395. What are the prime factors of k?
5, 31
List the prime factors of ((-35)/7)/(1/(-6)).
2, 3, 5
Suppose 3*n - h = 5, -n - 2*h = 3*h - 23. List the prime factors of 93/9 - 1/n.
2, 5
Let q(r) = 2*r**2 - 4*r - 4. Let p be q(4). Let i(x) = x + 8. List the prime factors of i(p).
2, 5
Let k = 1 - -1. Let x be 4/2*(-3)/(-2). Suppose -x*p = k*p - 40. What are the prime factors of p?
2
Let i be (-2 + (